{"id":10,"date":"2026-04-24T21:27:52","date_gmt":"2026-04-24T19:27:52","guid":{"rendered":"https:\/\/neu.hauke-simonsen.de\/?page_id=10"},"modified":"2026-04-27T20:47:31","modified_gmt":"2026-04-27T18:47:31","slug":"hauke-simonsen-versicherungsmakler-aus-hamburg","status":"publish","type":"page","link":"https:\/\/neu.hauke-simonsen.de\/","title":{"rendered":"Hauke Simonsen Versicherungsmakler"},"content":{"rendered":"\n<h1 class=\"wp-block-heading has-text-align-left is-style-default has-x-large-font-size\">Ihr freier Versicherungsmakler aus Hamburg<\/h1>\n\n\n\n<div class=\"wp-block-group is-style-default has-custom-color-5-color has-text-color has-link-color wp-elements-69478bcc272b5e2197360547512cbf12 has-global-padding is-layout-constrained wp-block-group-is-layout-constrained\">\n<div class=\"wp-block-columns are-vertically-aligned-top is-style-default has-custom-color-3-background-color has-background is-layout-flex wp-container-core-columns-is-layout-28f84493 wp-block-columns-is-layout-flex\">\n<div class=\"wp-block-column is-vertically-aligned-top is-layout-flow wp-block-column-is-layout-flow\" style=\"flex-basis:50%\">\n<figure class=\"wp-block-image aligncenter size-full is-style-default\" style=\"margin-top:0;margin-bottom:0\"><img loading=\"lazy\" decoding=\"async\" width=\"500\" height=\"750\" src=\"http:\/\/neu.hauke-simonsen.de\/wp-content\/uploads\/2026\/04\/Hauke-Simonsen-Versicherungsmakler-Hamburg-1.jpg\" alt=\"\" class=\"wp-image-110\" style=\"aspect-ratio:0.6666802826681917\" srcset=\"https:\/\/neu.hauke-simonsen.de\/wp-content\/uploads\/2026\/04\/Hauke-Simonsen-Versicherungsmakler-Hamburg-1.jpg 500w, https:\/\/neu.hauke-simonsen.de\/wp-content\/uploads\/2026\/04\/Hauke-Simonsen-Versicherungsmakler-Hamburg-1-200x300.jpg 200w\" sizes=\"auto, (max-width: 500px) 100vw, 500px\" \/><figcaption class=\"wp-element-caption\"><strong>Hauke Simonsen<\/strong><\/figcaption><\/figure>\n<\/div>\n\n\n\n<div class=\"wp-block-column is-vertically-aligned-top is-layout-flow wp-block-column-is-layout-flow\" style=\"flex-basis:66.66%\">\n<p>\u2693\ufe0f Experte f\u00fcr Ihre Vorsorge:<br>Altersvorsorge, BU und PKV <br><br> \ud83d\udd0d Riesige Tarifauswahl,<br>100% kostenneutral f\u00fcr Sie<br><br> \ud83d\udc68\ud83c\udffb\u200d\ud83d\udcbb Pers\u00f6nliche Beratung: Google Meet oder Telefon<\/p>\n\n\n\n<div style=\"height:15px\" aria-hidden=\"true\" class=\"wp-block-spacer\"><\/div>\n\n\n\n<div class=\"wp-block-buttons is-layout-flex wp-block-buttons-is-layout-flex\">\n<div class=\"wp-block-button\" id=\"https:\/\/calendly.com\/haukesimonsen\/online-beratung\"><a class=\"wp-block-button__link wp-element-button\" href=\"https:\/\/calendly.com\/haukesimonsen\/online-beratung\" target=\"_blank\" rel=\"noreferrer noopener nofollow\"><strong>Beratungstermin buchen<\/strong><\/a><\/div>\n<\/div>\n<\/div>\n<\/div>\n<\/div>\n\n\n\n<div style=\"height:40px\" aria-hidden=\"true\" class=\"wp-block-spacer\"><\/div>\n\n\n\n<div class=\"wp-block-group has-global-padding is-layout-constrained wp-block-group-is-layout-constrained\">\n<h2 class=\"wp-block-heading alignwide has-text-align-left\">Unsere Leistungen<\/h2>\n\n\n\n<div data-wp-context=\"{ &quot;autoclose&quot;: false, &quot;accordionItems&quot;: [] }\" data-wp-interactive=\"core\/accordion\" role=\"group\" class=\"wp-block-accordion is-layout-flow wp-block-accordion-is-layout-flow\">\n<div data-wp-class--is-open=\"state.isOpen\" data-wp-context=\"{ &quot;id&quot;: &quot;accordion-item-1&quot;, &quot;openByDefault&quot;: false }\" data-wp-init=\"callbacks.initAccordionItems\" data-wp-on-window--hashchange=\"callbacks.hashChange\" class=\"wp-block-accordion-item is-layout-flow wp-block-accordion-item-is-layout-flow\">\n<h3 class=\"wp-block-accordion-heading\"><button aria-expanded=\"false\" aria-controls=\"accordion-item-1-panel\" data-wp-bind--aria-expanded=\"state.isOpen\" data-wp-on--click=\"actions.toggle\" data-wp-on--keydown=\"actions.handleKeyDown\" id=\"accordion-item-1\" type=\"button\" class=\"wp-block-accordion-heading__toggle\"><span class=\"wp-block-accordion-heading__toggle-title\">Ungebundene Beratung<\/span><span class=\"wp-block-accordion-heading__toggle-icon\" aria-hidden=\"true\">+<\/span><\/button><\/h3>\n\n\n\n<div inert aria-labelledby=\"accordion-item-1\" data-wp-bind--inert=\"!state.isOpen\" id=\"accordion-item-1-panel\" role=\"region\" class=\"wp-block-accordion-panel is-layout-flow wp-block-accordion-panel-is-layout-flow\">\n<p>Mit unserer ungebundenen Beratung als freier Versicherungsmakler erhalten Sie \u00fcber uns Zugang zu den besten Tarifen am Markt \u2013 ohne Mehrkosten.<br><br>Wichtig zu wissen:<br>Es gibt zwei Arten von Versicherungsvermittlern: <strong>Versicherungsvertreter<\/strong> und <strong>Versicherungsmakler<\/strong>. <br><strong>Versicherungsvertreter<\/strong> vertreten eine Versicherung und stehen rechtlich immer auf der Seite dieser Versicherungsgesellschaft. <strong>Versicherungsmakler<\/strong> wie wir sind nicht an bestimmte Gesellschaften gebunden, sondern ungebunden und frei. So k\u00f6nnen wir immer die besten L\u00f6sungen f\u00fcr Sie finden und eine riesige Anzahl an Anbietern und Tarifen vergleichen. <\/p>\n<\/div>\n<\/div>\n\n\n\n<div data-wp-class--is-open=\"state.isOpen\" data-wp-context=\"{ &quot;id&quot;: &quot;accordion-item-2&quot;, &quot;openByDefault&quot;: false }\" data-wp-init=\"callbacks.initAccordionItems\" data-wp-on-window--hashchange=\"callbacks.hashChange\" class=\"wp-block-accordion-item is-layout-flow wp-block-accordion-item-is-layout-flow\">\n<h3 class=\"wp-block-accordion-heading\"><button aria-expanded=\"false\" aria-controls=\"accordion-item-2-panel\" data-wp-bind--aria-expanded=\"state.isOpen\" data-wp-on--click=\"actions.toggle\" data-wp-on--keydown=\"actions.handleKeyDown\" id=\"accordion-item-2\" type=\"button\" class=\"wp-block-accordion-heading__toggle\"><span class=\"wp-block-accordion-heading__toggle-title\">Keine Mehrkosten<\/span><span class=\"wp-block-accordion-heading__toggle-icon\" aria-hidden=\"true\">+<\/span><\/button><\/h3>\n\n\n\n<div inert aria-labelledby=\"accordion-item-2\" data-wp-bind--inert=\"!state.isOpen\" id=\"accordion-item-2-panel\" role=\"region\" class=\"wp-block-accordion-panel is-layout-flow wp-block-accordion-panel-is-layout-flow\">\n<p>Unsere Dienstleistung als Versicherungsmakler ist f\u00fcr Sie als Kunde kostenneutral. Es fallen keine Mehrkosten f\u00fcr Sie an, wenn Sie Vertr\u00e4ge \u00fcber uns abschlie\u00dfen.<\/p>\n\n\n\n<p>Wichtig zu wissen:<br>Wenn Sie nach einer Beratung bei uns keinen Vertrag abschlie\u00dfen, fallen f\u00fcr Sie keinerlei Kosten oder Geb\u00fchren an.<br><br>Wie verdienen wir also unser Geld?<br>F\u00fcr die Vermittlung eines Versicherungsvertrags &#8211; wenn Sie sich f\u00fcr einen Vertragsabschluss entscheiden &#8211; erhalten wir von der jeweiligen Versicherungsgesellschaft unsere Maklercourtage. Diese Maklercourtage wird automatisch von den Versicherern als Teil des Versicherungsbeitrags mit einkalkuliert und an den jeweiligen Vermittler bezahlt. Ob  Sie dann einen Vertrag bei einem freien und ungebundenen Versicherungsmakler wie uns abschlie\u00dfen, bei einem Online-Vergleichsportal oder bei einer Versicherungsgesellschaft direkt, die f\u00fcr diesen Tarif anfallenden Beitr\u00e4ge sind immer die gleichen.<br><br>Der gro\u00dfe Vorteil bei uns ist nat\u00fcrlich, dass wir in verschiedenen Sparten die jeweils besten Tarife und Anbieter f\u00fcr Sie finden k\u00f6nnen und Sie mir uns nur einen Ansprechpartner brauchen.<\/p>\n<\/div>\n<\/div>\n\n\n\n<div data-wp-class--is-open=\"state.isOpen\" data-wp-context=\"{ &quot;id&quot;: &quot;accordion-item-3&quot;, &quot;openByDefault&quot;: false }\" data-wp-init=\"callbacks.initAccordionItems\" data-wp-on-window--hashchange=\"callbacks.hashChange\" class=\"wp-block-accordion-item is-layout-flow wp-block-accordion-item-is-layout-flow\">\n<h3 class=\"wp-block-accordion-heading\"><button aria-expanded=\"false\" aria-controls=\"accordion-item-3-panel\" data-wp-bind--aria-expanded=\"state.isOpen\" data-wp-on--click=\"actions.toggle\" data-wp-on--keydown=\"actions.handleKeyDown\" id=\"accordion-item-3\" type=\"button\" class=\"wp-block-accordion-heading__toggle\"><span class=\"wp-block-accordion-heading__toggle-title\">Experten-Netzwerk<\/span><span class=\"wp-block-accordion-heading__toggle-icon\" aria-hidden=\"true\">+<\/span><\/button><\/h3>\n\n\n\n<div inert aria-labelledby=\"accordion-item-3\" data-wp-bind--inert=\"!state.isOpen\" id=\"accordion-item-3-panel\" role=\"region\" class=\"wp-block-accordion-panel is-layout-flow wp-block-accordion-panel-is-layout-flow\">\n<p>Wir haben uns seit 2009 ein gro\u00dfes Netzwerk an Experten in verschiedenen Bereichen aufgebaut. Sollten wir also einmal nicht direkt weiterhelfen oder Ihre Fragen nicht direkt beantworten k\u00f6nnen, kennen wir oft jemanden, der weiterhelfen kann Ihre Fragen zu beantworten. Zu unseren Ansprechpartnern geh\u00f6ren Versicherungsspezialisten und Juristen von Versicherungsgesellschaften, gro\u00dfen Maklerpools und anderen ungebundenen Versicherungsmaklern.<\/p>\n<\/div>\n<\/div>\n\n\n\n<div data-wp-class--is-open=\"state.isOpen\" data-wp-context=\"{ &quot;id&quot;: &quot;accordion-item-4&quot;, &quot;openByDefault&quot;: false }\" data-wp-init=\"callbacks.initAccordionItems\" data-wp-on-window--hashchange=\"callbacks.hashChange\" class=\"wp-block-accordion-item is-layout-flow wp-block-accordion-item-is-layout-flow\">\n<h3 class=\"wp-block-accordion-heading\"><button aria-expanded=\"false\" aria-controls=\"accordion-item-4-panel\" data-wp-bind--aria-expanded=\"state.isOpen\" data-wp-on--click=\"actions.toggle\" data-wp-on--keydown=\"actions.handleKeyDown\" id=\"accordion-item-4\" type=\"button\" class=\"wp-block-accordion-heading__toggle\"><span class=\"wp-block-accordion-heading__toggle-title\">Beste Produkte<\/span><span class=\"wp-block-accordion-heading__toggle-icon\" aria-hidden=\"true\">+<\/span><\/button><\/h3>\n\n\n\n<div inert aria-labelledby=\"accordion-item-4\" data-wp-bind--inert=\"!state.isOpen\" id=\"accordion-item-4-panel\" role=\"region\" class=\"wp-block-accordion-panel is-layout-flow wp-block-accordion-panel-is-layout-flow\">\n<p>Wir k\u00f6nnen f\u00fcr Sie auf einen riesigen Pool an Versicherungen fast aller Gesellschaften zugreifen, um die jeweils passende Absicherung f\u00fcr Sie zu finden. Im Beratungsgespr\u00e4ch finden wir gemeinsam heraus, welche Tarife am besten zu Ihnen passen, wie viel Sicherheit &amp; welches Preis-\/Leistungsverh\u00e4ltnis gew\u00fcnscht wird. Nat\u00fcrlich kl\u00e4ren wir Sie dabei \u00fcber die Vertragsbedingungen und das Kleingedruckte auf und zeigen Ihnen Vor- und Nachteile der verschiedenen Anbieter und Tarife. Bei uns bekommen Sie neben den Tarifen der gro\u00dfen und bekannten Versicherer auch die Produkte vieler spezialisierter Maklerversicherer mit ihren leistungsstarken Top-Tarifen.<\/p>\n<\/div>\n<\/div>\n<\/div>\n<\/div>\n\n\n\n<div style=\"height:40px\" aria-hidden=\"true\" class=\"wp-block-spacer\"><\/div>\n\n\n\n<div class=\"wp-block-group has-global-padding is-content-justification-left is-layout-constrained wp-container-core-group-is-layout-12dd3699 wp-block-group-is-layout-constrained\">\n<div class=\"wp-block-group alignwide is-vertical is-content-justification-left is-layout-flex wp-container-core-group-is-layout-dd225191 wp-block-group-is-layout-flex\">\n<h2 class=\"wp-block-heading alignwide has-text-align-left\">Was Kunden \u00fcber uns sagen<\/h2>\n\n\n\n<p class=\"has-text-align-left\">\u2b50\ufe0f\u2b50\ufe0f\u2b50\ufe0f\u2b50\ufe0f\u2b50\ufe0f +300 positive Bewertungen bei Google &#8211; einige Beispiele:<\/p>\n<\/div>\n\n\n\n<blockquote class=\"wp-block-quote has-text-align-center is-style-plain has-base-background-color has-background is-layout-flow wp-block-quote-is-layout-flow is-style-plain--5\">\n<div class=\"wp-block-group has-medium-font-size is-vertical is-content-justification-left is-layout-flex wp-container-core-group-is-layout-994fc1a2 wp-block-group-is-layout-flex\">\n<p class=\"has-text-align-left is-style-text-annotation has-custom-color-1-color has-text-color has-link-color has-medium-font-size wp-elements-d175e7f855a86cb3091905dfb4156d1a is-style-text-annotation--6\"><em>&#8222;Ich f\u00fchle mich bei Herrn Simonsen von Anfang an sehr gut aufgehoben! Die Beratung erfolgte kompetent, herzlich und auf Augenh\u00f6he! Ein gro\u00dfer Vorteil f\u00fcr mich ist die enorme Flexibilit\u00e4t in der Terminfindung und die leicht verst\u00e4ndlichen Erkl\u00e4rungen &#8211; egal welche Frage, man hat das Gef\u00fchl alles fragen zu k\u00f6nnen und auch \u00f6fters nachhaken zu d\u00fcrfen ohne schief angeschaut zu werden! Herzlichen Dank bis hierhin und auf eine weitere, sehr gute Zusammenarbeit!&#8220;<\/em><br><strong><em>&#8211; Sandra K.<\/em> \ud83d\udc69<\/strong><\/p>\n\n\n\n<p class=\"has-text-align-left is-style-text-annotation has-custom-color-1-color has-text-color has-link-color has-medium-font-size wp-elements-6159ca1c52fdc63e8b26217903abb041 is-style-text-annotation--7\"><em>&#8222;Ich vergebe Herrn Simonsen volle 5 von 5 Punkten, da er meine anf\u00e4nglichen Zweifel an der Zusammenarbeit mit einem kompetenten und ehrlichen Finanzberater nicht nur ausr\u00e4umen konnte, sondern mir seine Fachkenntnis auch mehrfach unter Beweis gestellt hat. Besonders beeindruckt hat mich seine Bereitschaft, auch externe Angebote offen anzusehen und mir verst\u00e4ndlich zu erkl\u00e4ren. Dabei hat er aufgezeigt, wie andere Berater mit dem Halbwissen ihrer Klienten spielen, um ihre Produkte vorteilhafter erscheinen zu lassen, als sie es tats\u00e4chlich sind. F\u00fcr diese Offenheit und Transparenz bin ich ihm sehr dankbar. Herr Simonsen ist jederzeit geduldig auf meine vielen Fragen eingegangen und hat mir alle Themen umfassend, verst\u00e4ndlich und mit viel Ruhe erkl\u00e4rt. Ich habe mich durchgehend gut beraten und ernst genommen gef\u00fchlt. Vielen Dank f\u00fcr die tolle Zusammenarbeit! :-)&#8220;<\/em><br><strong><em>&#8211; Ulrike T.<\/em> \ud83d\udc69<\/strong><\/p>\n\n\n\n<p class=\"has-text-align-left is-style-text-annotation has-custom-color-1-color has-text-color has-link-color has-medium-font-size wp-elements-7e502ecc8f3a6c8c38ae3fd93409e519 is-style-text-annotation--8\">&#8222;<em>Ein Makler, den ich absolut empfehlen kann! Wechsel von GKV zu PKV. Klasse und ausf\u00fchrliche Beratung. Phantastisch.\ud83d\udc4d\ud83c\udffb<\/em>&#8222;<br><strong><em>&#8211; Peter S.<\/em> \ud83d\ude4d\u200d\u2642\ufe0f<\/strong><\/p>\n<\/div>\n<\/blockquote>\n<\/div>\n","protected":false},"excerpt":{"rendered":"<p>Ihr freier Versicherungsmakler aus Hamburg \u2693\ufe0f Experte f\u00fcr Ihre Vorsorge:Altersvorsorge, BU und PKV \ud83d\udd0d Riesige Tarifauswahl,100% kostenneutral f\u00fcr Sie \ud83d\udc68\ud83c\udffb\u200d\ud83d\udcbb Pers\u00f6nliche Beratung: Google Meet oder Telefon Unsere Leistungen Was Kunden \u00fcber uns sagen \u2b50\ufe0f\u2b50\ufe0f\u2b50\ufe0f\u2b50\ufe0f\u2b50\ufe0f +300 positive Bewertungen bei Google &#8211; einige Beispiele: &#8222;Ich f\u00fchle mich bei Herrn Simonsen von Anfang an sehr gut aufgehoben! Die [&hellip;]<\/p>\n","protected":false},"author":1,"featured_media":0,"parent":0,"menu_order":0,"comment_status":"closed","ping_status":"closed","template":"","meta":{"footnotes":""},"class_list":["post-10","page","type-page","status-publish","hentry"],"_links":{"self":[{"href":"https:\/\/neu.hauke-simonsen.de\/index.php?rest_route=\/wp\/v2\/pages\/10","targetHints":{"allow":["GET"]}}],"collection":[{"href":"https:\/\/neu.hauke-simonsen.de\/index.php?rest_route=\/wp\/v2\/pages"}],"about":[{"href":"https:\/\/neu.hauke-simonsen.de\/index.php?rest_route=\/wp\/v2\/types\/page"}],"author":[{"embeddable":true,"href":"https:\/\/neu.hauke-simonsen.de\/index.php?rest_route=\/wp\/v2\/users\/1"}],"replies":[{"embeddable":true,"href":"https:\/\/neu.hauke-simonsen.de\/index.php?rest_route=%2Fwp%2Fv2%2Fcomments&post=10"}],"version-history":[{"count":9,"href":"https:\/\/neu.hauke-simonsen.de\/index.php?rest_route=\/wp\/v2\/pages\/10\/revisions"}],"predecessor-version":[{"id":123,"href":"https:\/\/neu.hauke-simonsen.de\/index.php?rest_route=\/wp\/v2\/pages\/10\/revisions\/123"}],"wp:attachment":[{"href":"https:\/\/neu.hauke-simonsen.de\/index.php?rest_route=%2Fwp%2Fv2%2Fmedia&parent=10"}],"curies":[{"name":"wp","href":"https:\/\/api.w.org\/{rel}","templated":true}]}}